{"id":17,"date":"2021-01-24T15:53:13","date_gmt":"2021-01-24T14:53:13","guid":{"rendered":"http:\/\/www.alexanderiser.de\/?page_id=17"},"modified":"2021-01-24T15:53:13","modified_gmt":"2021-01-24T14:53:13","slug":"staedte","status":"publish","type":"page","link":"http:\/\/www.alexanderiser.de\/?page_id=17","title":{"rendered":"St\u00e4dte"},"content":{"rendered":"\n<p>Bei Fototouren bin ich auch gerne in St\u00e4dten unterwegs. Dabei faszinieren mich nicht nur historische Geb\u00e4ude, auch Fachwerk oder farbenfrohe Ecken finde ich sehr spannend.<\/p>\n\n\n\n<p>Hier folgt schon bald eine kleine Auswahl meiner St\u00e4dtefotos. <\/p>\n","protected":false},"excerpt":{"rendered":"<p>Bei Fototouren bin ich auch gerne in St\u00e4dten unterwegs. Dabei faszinieren mich nicht nur historische Geb\u00e4ude, auch Fachwerk oder farbenfrohe Ecken finde ich sehr spannend. Hier folgt schon bald eine kleine Auswahl meiner St\u00e4dtefotos.<\/p>\n","protected":false},"author":1,"featured_media":0,"parent":0,"menu_order":0,"comment_status":"closed","ping_status":"closed","template":"","meta":{"footnotes":""},"class_list":["post-17","page","type-page","status-publish","hentry","post-preview"],"_links":{"self":[{"href":"http:\/\/www.alexanderiser.de\/index.php?rest_route=\/wp\/v2\/pages\/17","targetHints":{"allow":["GET"]}}],"collection":[{"href":"http:\/\/www.alexanderiser.de\/index.php?rest_route=\/wp\/v2\/pages"}],"about":[{"href":"http:\/\/www.alexanderiser.de\/index.php?rest_route=\/wp\/v2\/types\/page"}],"author":[{"embeddable":true,"href":"http:\/\/www.alexanderiser.de\/index.php?rest_route=\/wp\/v2\/users\/1"}],"replies":[{"embeddable":true,"href":"http:\/\/www.alexanderiser.de\/index.php?rest_route=%2Fwp%2Fv2%2Fcomments&post=17"}],"version-history":[{"count":1,"href":"http:\/\/www.alexanderiser.de\/index.php?rest_route=\/wp\/v2\/pages\/17\/revisions"}],"predecessor-version":[{"id":18,"href":"http:\/\/www.alexanderiser.de\/index.php?rest_route=\/wp\/v2\/pages\/17\/revisions\/18"}],"wp:attachment":[{"href":"http:\/\/www.alexanderiser.de\/index.php?rest_route=%2Fwp%2Fv2%2Fmedia&parent=17"}],"curies":[{"name":"wp","href":"https:\/\/api.w.org\/{rel}","templated":true}]}}